se 4*a = 300 + j. Is a a composite number?
False
Suppose 0 = 21*q - 22*q + 335. Is q prime?
False
Let k(l) = l**3 + 7*l**2 + 4*l + 1. Let q be (-74)/14 + 6/21. Let t be k(q). Let m = t - -6. Is m a composite number?
False
Suppose -25 = -5*p - 4*h, 0*h = 3*p + 3*h - 12. Let c be 3 + (1 - 3) + p. Suppose q + c = 3*r - 253, -77 = -r + 3*q. Is r composite?
False
Let d = -114 + 337. Is d a composite number?
False
Let w be 45/5*(-422)/3. Is 25/10*w/(-15) a composite number?
False
Suppose 2*q - 10 = -4*m - 0*q, 3*m - 5*q = -25. Suppose 4*u = v + 5*u - 2, m = -v - 3*u + 2. Suppose -5*s - x + 94 = 0, -3*x - v = s - 18. Is s a prime number?
True
Suppose 0 = -0*a - 3*a + 6. Suppose -2*w + 316 = a*w. Is w a prime number?
True
Let j(q) = q**2 + 11*q - 10. Let h be j(-12). Suppose 150 = 2*v - 4*f, 4*v = -h*f + 107 + 203. Is v prime?
False
Let j = -27 + 130. Is j a prime number?
True
Is ((-36106)/21)/(4*(-2)/12) a composite number?
False
Suppose 3*a - 8*a + 435 = 0. Let x = a - 62. Is x composite?
True
Let r(a) = 2*a + 7. Let t be r(-7). Let m(z) = 6*z**2 - 6*z - 5. Is m(t) prime?
True
Suppose -5*u - 25 = 0, 2*t - 6*t - 5*u + 603 = 0. Is t a composite number?
False
Suppose -l - l - 430 = 0. Let w = l + 311. Suppose 0 = 5*j - 0*r + 3*r - 142, w = 4*j - 2*r. Is j prime?
False
Let h = -24 + 49. Is h composite?
True
Is (-157)/(0 - 1/2) a composite number?
True
Let j(a) = 3*a**2 + 2*a + 6. Suppose 3*d + 4 = -5, k = d - 4. Is j(k) a prime number?
True
Suppose a - 224 = 195. Is a prime?
True
Let n = 73 - 38. Suppose -5*h - 3 = 2, 0 = -4*d - h - 89. Let v = d + n. Is v a composite number?
False
Let m(u) be the first derivative of -u**3/3 - 3*u**2 + 4*u - 3. Is m(-5) a composite number?
True
Suppose -4*k + 5 = -3*k + 2*z, 5*z = -k + 8. Let a be ((-87)/(-4))/(k/8). Let v = a + -33. Is v prime?
False
Let p(c) = -26*c**3 - 5*c**2 - c - 4. Let y(x) = 25*x**3 + 6*x**2 + x + 5. Let s(i) = -5*p(i) - 4*y(i). Let h be s(-1). Let d = 44 + h. Is d composite?
True
Let u(x) = 2*x**2 - 8*x - 15. Let t = 18 + -6. Is u(t) composite?
True
Let s(k) = 327*k**3 + k - 2. Is s(1) composite?
True
Suppose 0 = b - 3*j + 5*j - 200, 1028 = 5*b - 4*j. Let h = b + 49. Is h a composite number?
True
Let t(s) = -35*s - 6. Let z be t(-4). Let v be (-2)/2*-1 + z. Suppose -3*a + v = 24. Is a composite?
False
Let p = 1790 + 5. Is p composite?
True
Suppose 0 = -s - 5, 3*s - 6 = 2*f - 59. Is f prime?
True
Is -3*-2*199/6 a composite number?
False
Suppose 3*o - 1899 = -6*o. Is o prime?
True
Suppose 0 = -y - 2*v - 2*v - 5, -v - 5 = 0. Suppose -254 = -3*n - 4*a, -2*n + 4*a - 67 + 223 = 0. Let l = n - y. Is l composite?
False
Suppose -2*x = -3*q - 0*x + 2585, -2*q = 4*x - 1734. Is q composite?
False
Let m = 49 - 21. Let x = m - -151. Is x a composite number?
False
Let z be 48/5 + 2/5. Is (-1)/(-5) + 618/z a prime number?
False
Let b(t) be the second derivative of -t**7/840 + t**6/60 - t**5/40 + t**4/8 + 2*t**3/3 - t. Let d(r) be the second derivative of b(r). Is d(4) composite?
False
Let g(n) = 3*n**3 + 3*n**2 - 3*n + 4. Let y(w) = -2*w - 2. Let f be y(-4). Let j be g(f). Suppose 2*k - i = 299, -k = 4*k + 3*i - j. Is k a prime number?
True
Suppose -o = -2*o + 4. Let d be 20*1*(-15)/o. Let n = -38 - d. Is n a composite number?
False
Let i(c) = -40*c + 2. Let u be i(-2). Suppose q + 0*n - 4*n - 58 = 0, -2*n = q - u. Is q prime?
False
Suppose 2*k = 4*k + 8. Let j(r) = r**3 + 5*r**2 + 2*r - 4. Let t be j(k). Suppose -t*d + 555 - 199 = 0. Is d composite?
False
Let t = 22 - 19. Let j = -20 - -73. Is t/6*2*j composite?
False
Suppose -3*c + 130 = -161. Is c composite?
False
Suppose 4244 = 13*h - 9*h. Is h prime?
True
Let g = -2 - -11. Suppose 70 = -g*m + 4*m. Let d = 33 + m. Is d prime?
True
Suppose 0 = -11*z + 130 + 508. Is z a composite number?
True
Let d(l) = 5*l**2 - 2*l - 1. Let f be 10/(-45) + 76/18. Is d(f) composite?
False
Suppose 319 = 5*v - 76. Is v a prime number?
True
Let p(w) = 4*w + 3. Suppose -b = 2*b - 21. Is p(b) a prime number?
True
Suppose 573 = 5*d - 2*d + 4*f, 0 = f. Is d composite?
False
Is (-23095)/(-7) - (-14)/(-49) a prime number?
True
Suppose -7*j + 3*j + 19 = 5*w, 2*w - 3*j = 3. Let y = 12 + -7. Suppose w*t + 6 = y*t. Is t a composite number?
False
Suppose 3 = 3*d, d + 6184 = 4*l - 10427. Is l a prime number?
True
Let s = -86 + 1629. Is s a composite number?
False
Let n = 1 + 1. Suppose n*p = p + 159. Is p prime?
False
Let b = 3 - 4. Let v(k) = -238*k**3 + k**2 - k - 1. Let l be v(b). Suppose -3*y = -5*r - l, 0 = y + r - 43 - 42. Is y prime?
True
Let y = 22 - -105. Is y a composite number?
False
Let h be ((-135)/6)/(2/(-20)). Suppose 32 = n - 2*s - 19, -5*n + h = 5*s. Is n composite?
False
Let l(u) = 13*u**2 + 0*u + 19*u**2 - u + 1 + 21*u**2. Is l(-2) a composite number?
True
Let d be (-8 + 4)/((-4)/(-118)). Let o = -56 - d. Suppose -o = -3*t + t + 3*a, -t + 41 = a. Is t prime?
True
Suppose 0 = 2*p + t + 69, -p + 5 - 43 = -3*t. Is (-95)/p - 2/(-7) a composite number?
False
Suppose -5*i - i = -7458. Is i prime?
False
Let i(w) = -w**2 + 4*w + 4. Let b be i(4). Suppose -4*n + 0*a + 3*a - 615 = 0, -b*a - 324 = 2*n. Let t = 279 + n. Is t a prime number?
False
Let r be (-405)/(-2) + 3/6. Let o = r + -124. Let f = o - 53. Is f a composite number?
True
Let m = 1276 - 479. Is m a composite number?
False
Let y be 4/4*-3*-44. Let l = 221 - y. Is l a composite number?
False
Let r(u) = 221*u + 14. Let v(a) = -44*a - 3. Let i(f) = 2*r(f) + 11*v(f). Is i(-9) a composite number?
False
Is 53 + -2*(-3)/(3 + 0) prime?
False
Let s(f) = f**2 - 2. Let o be s(2). Is (10/(-15))/(o/(-141)) a composite number?
False
Let t(b) = 292*b**3 + b. Is t(1) a composite number?
False
Let i(l) = -l**3 - l**2 - l + 12. Let j be i(0). Is (-462)/(-8) - (-3)/j a prime number?
False
Let b(x) = -x**3 - 9*x**2 - 3*x - 2. Let p be b(-9). Suppose y - 28 = p. Is y prime?
True
Let f = 0 - 1. Is 47*f/((-3)/3) a prime number?
True
Suppose 0 = -4*m + 8 + 4. Suppose m*l - 16 = -w, -2*w - 87 = -5*w + 4*l. Is w composite?
True
Is ((30/(-12))/5)/(2/(-1948)) prime?
True
Let i = -13 - -9. Let f = i - -8. Suppose 2*w - 180 - 10 = -f*k, -2*w = -2. Is k composite?
False
Let f be 3 + (-28)/8*134. Is f/(-8) - 21/(-28) prime?
True
Let v(n) = -n**3 - 2*n**2 - n + 1. Let i be v(-2). Let h(z) = i*z**2 + 2*z - 3*z - 2 - 4. Is h(-5) prime?
False
Suppose 0 = k + 2*w + 239, 3*w + 294 = -2*k - 186. Let o = k + 362. Is o composite?
True
Let i(k) = k + 1. Let x(a) = 2*a + 3. Let d(r) = 5*i(r) - 2*x(r). Let u be d(1). Is -1*(u - 1) - -114 a prime number?
False
Suppose -4*f = 8, 6*f + 60 = 2*l + f. Let o be 10/14 - (-6)/21. Suppose -l = -s + o. Is s prime?
False
Suppose 1036 = 3*z + 166. Let v = 2 + 2. Suppose -291 = -b - v*h + 8*h, -b + 3*h = -z. Is b composite?
True
Let f be (1 - 1)/(3 + -5). Suppose f = g - 92 + 3. Is g a composite number?
False
Let x = 3 - 3. Suppose 0 = 2*a + 10, 2*i + 4*a + x*a = -10. Suppose i*u - 4*u = 33. Is u a composite number?
True
Let d = -80 - -207. Is d prime?
True
Suppose 0 = -2*o - 4*z + 380, 2*z = 3*o + 2*o - 974. Is o composite?
True
Let x = -243 - -477. Suppose 4*r - x = -82. Is r a prime number?
False
Let i be ((-8)/5 + 2)*-15. Let d be 774/14 - i/(-21). Is (6 + -3)*d/3 a prime number?
False
Let t(p) = 6*p**2 + 3*p + 4. Let f(a) = 5*a**2 - 4 + 4*a + 7 + 2*a**2. Let c(m) = -3*f(m) + 4*t(m). Is c(5) a prime number?
False
Suppose -4*p + 280 = i + 93, 0 = -2*i + 4*p + 422. Is i composite?
True
Suppose -20 = -4*w, 3*m - 29 = -w - 3*w. Let x(z) be the second derivative of 13*z**3/6 - 2*z**2 - 3*z. Is x(m) composite?
True
Let o = -4 + 7. Let i be 4 + (o - 2 - 2). Suppose i*v - 4*l + 9 = 2*v, 2 = -2*v + 4*l. Is v composite?
False
Suppose -5*n + 4118 = 3*m - 1215, -m - 4280 = -4*n. Is n prime?
True
Suppose 3*q - 4450 = -2*q. Suppose 6*t = q + 376. Is t a composite number?
False
Is 3/(3/3)*37 composite?
True
Let t be (-1802)/(0 + -3 + 1). Suppose 5*s - t = -156. Is s composite?
False
Suppose 1490 - 7542 = -4*n + 3*h, 1513 = n + 5*h. Is n composite?
True
Let q(i) = 6*i - 4. Is q(11) composite?
True
Suppose -3*f - 528 + 1756 = -5*h, 3*f - 248 = h. Let m = -118 - h. Is m a composite number?
False
Let a(t) = -5*t - 4*t + 0*t + 1 - 8. Let k be a(6). Let z = -36 - k. Is z prime?
False
Let u be (-1 - -4)/((-3)/(-8)). Suppose -n - u = 4. I